00?
True
Is 7571918 a multiple of 11?
False
Does 183 divide 330355?
False
Is 18174 a multiple of 78?
True
Is 1330644 a multiple of 98?
True
Is 50 a factor of 254876?
False
Is 212 a factor of 1074061?
False
Is 133 a factor of 5097115?
False
Is 9581 a multiple of 143?
True
Is 151 a factor of 87882?
True
Is 44 a factor of 126025?
False
Is 316 a factor of 206957?
False
Does 595 divide 131091?
False
Is 635454 a multiple of 558?
False
Does 5 divide 189580?
True
Is 655 a factor of 6288429?
False
Is 547318 a multiple of 8?
False
Does 112 divide 1144285?
False
Does 46 divide 134504?
True
Does 45 divide 249300?
True
Is 63 a factor of 25695495?
True
Is 3235293 a multiple of 1405?
False
Does 14 divide 578928?
True
Does 19 divide 232051?
False
Is 122 a factor of 428993?
False
Is 433 a factor of 5307281?
True
Does 13 divide 815683?
False
Is 67 a factor of 63181?
True
Is 2 a factor of 119278?
True
Is 1211743 a multiple of 33?
False
Does 10 divide 307650?
True
Does 55 divide 196955?
True
Is 10 a factor of 44515?
False
Does 31 divide 907166?
False
Does 8 divide 314676?
False
Is 440 a factor of 17494498?
False
Is 527986 a multiple of 17?
True
Is 476768 a multiple of 47?
True
Is 50 a factor of 1113750?
True
Is 81161 a multiple of 293?
True
Is 3598696 a multiple of 17?
True
Is 5 a factor of 247695?
True
Is 79 a factor of 5172130?
True
Is 307294 a multiple of 2?
True
Is 1105877 a multiple of 73?
True
Is 404 a factor of 1189190?
False
Does 15 divide 1243290?
True
Does 27 divide 3401433?
True
Is 12 a factor of 536256?
True
Is 81750 a multiple of 10?
True
Is 189 a factor of 6821010?
True
Is 31 a factor of 379871?
False
Is 483 a factor of 4283727?
True
Is 83 a factor of 222025?
True
Is 781966 a multiple of 4?
False
Does 173 divide 121965?
True
Is 304545 a multiple of 4?
False
Is 92262 a multiple of 7?
False
Is 5 a factor of 3143980?
True
Is 127595 a multiple of 65?
True
Is 6870 a multiple of 19?
False
Is 21 a factor of 238602?
True
Does 104 divide 38748?
False
Is 4650891 a multiple of 21?
True
Is 43 a factor of 1963388?
False
Is 4633895 a multiple of 18?
False
Does 93 divide 3619746?
True
Is 20475 a multiple of 35?
True
Is 377 a factor of 35815?
True
Does 21 divide 789768?
True
Does 321 divide 1770529?
False
Is 190 a factor of 5682476?
False
Is 4085424 a multiple of 252?
True
Is 47935 a multiple of 152?
False
Does 7 divide 324289?
True
Does 31 divide 4432256?
True
Is 393545 a multiple of 91?
False
Does 833 divide 1889244?
True
Is 5 a factor of 38329?
False
Does 73 divide 485596?
True
Is 207122 a multiple of 10?
False
Does 246 divide 183516?
True
Is 340275 a multiple of 65?
True
Is 703183 a multiple of 41?
False
Is 1617893 a multiple of 6?
False
Does 13 divide 33566?
True
Is 11104 a multiple of 3?
False
Is 199 a factor of 165479?
False
Is 45 a factor of 616660?
False
Is 12 a factor of 1475978?
False
Is 294700 a multiple of 50?
True
Is 4128432 a multiple of 168?
True
Is 1192308 a multiple of 52?
True
Does 29 divide 961787?
False
Does 14 divide 1334618?
False
Is 6 a factor of 65694?
True
Does 298 divide 529773?
False
Does 5 divide 1818718?
False
Is 43 a factor of 3741562?
False
Is 2443533 a multiple of 3097?
True
Does 24 divide 123573?
False
Is 106515 a multiple of 45?
True
Does 383 divide 1177725?
True
Is 22589 a multiple of 16?
False
Is 33 a factor of 396957?
True
Is 163 a factor of 267765?
False
Is 34 a factor of 333207?
False
Is 389 a factor of 1905711?
True
Does 33 divide 341814?
True
Does 741 divide 188214?
True
Does 23 divide 5718334?
False
Is 1737729 a multiple of 31?
False
Is 8 a factor of 4836?
False
Does 58 divide 2065438?
True
Is 1305063 a multiple of 19?
False
Is 20 a factor of 1612988?
False
Is 9 a factor of 7775?
False
Does 52 divide 469976?
True
Is 98 a factor of 1504750?
False
Does 221 divide 3179748?
True
Is 702924 a multiple of 38?
True
Does 6 divide 21054?
True
Is 657803 a multiple of 157?
False
Is 456 a factor of 913682?
False
Is 242165 a multiple of 55?
True
Does 12 divide 176567?
False
Is 6504479 a multiple of 473?
False
Is 11 a factor of 61501?
True
Does 24 divide 561096?
True
Does 12 divide 715129?
False
Is 140 a factor of 123941?
False
Is 16 a factor of 2034784?
True
Does 100 divide 160077?
False
Does 20 divide 23337?
False
Is 368147 a multiple of 29?
False
Is 1123840 a multiple of 15?
False
Does 34 divide 11933456?
True
Is 137 a factor of 354008?
True
Is 14 a factor of 116662?
True
Does 86 divide 162086?
False
Does 133 divide 2064239?
False
Is 1977552 a multiple of 443?
True
Does 13 divide 1235?
True
Is 8540792 a multiple of 23?
False
Is 1239012 a multiple of 254?
True
Is 176 a factor of 264971?
False
Is 49 a factor of 3738147?
False
Is 162 a factor of 782122?
False
Is 22083 a multiple of 17?
True
Is 3379636 a multiple of 1331?
False
Is 2 a factor of 15366?
True
Is 144 a factor of 4595472?
True
Does 128 divide 1833600?
True
Is 174590 a multiple of 79?
True
Is 296 a factor of 66600?
True
Is 453692 a multiple of 11?
False
Is 7947634 a multiple of 15?
False
Is 2829755 a multiple of 445?
True
Does 50 divide 36700?
True
Is 829 a factor of 17910762?
False
Is 968208 a multiple of 48?
True
Is 145197 a multiple of 13?
True
Is 65040 a multiple of 10?
True
Is 15 a factor of 348210?
True
Is 426 a factor of 1916574?
True
Does 77 divide 779085?
False
Is 247040 a multiple of 64?
True
Is 126500 a multiple of 55?
True
Is 255708 a multiple of 18?
True
Does 103 divide 67583?
False
Does 93 divide 2211055?
False
Does 8 divide 316416?
True
Does 42 divide 7518?
True
Does 29 divide 23838?
True
Is 11 a factor of 653606?
False
Does 6 divide 50927?
False
Is 120 a factor of 67080?
True
Is 550797 a multiple of 13?
True
Is 45471 a multiple of 198?
False
Is 40858 a multiple of 31?
True
Does 72 divide 221586?
False
Does 982 divide 2679878?
True
Is 33 a factor of 627?
True
Is 102 a factor of 143347?
False
Is 114 a factor of 46170?
True
Is 2463958 a multiple of 14?
True
Is 4 a factor of 267292?
True
Is 119 a factor of 84728?
True
Is 56371 a multiple of 133?
False
Is 80 a factor of 251920?
True
Is 607554 a multiple of 47?
False
Does 10 divide 114490?
True
Is 47 a factor of 762938?
False
Does 33 divide 837078?
True
Is 13 a factor of 3012813?
False
Is 930388 a multiple of 28?
False
Is 146 a factor of 115625?
False
Does 26 divide 113692?
False
Does 39 divide 207285?
True
Is 2148680 a multiple of 39?
False
Is 10307263 a multiple of 69?
False
Is 4337603 a multiple of 307?
True
Is 977171 a multiple of 4?
False
Is 95156 a multiple of 81?
False
Does 21 divide 401765?
False
Is 15 a factor of 48016?
False
Is 117 a factor of 2677545?
True
Does 58 divide 63561?
False
Is 81264 a multiple of 6?
True
Is 127333 a multiple of 176?
False
Is 18 a factor of 482006?
False
Is 3121222 a multiple of 15?
False
Is 18290 a multiple of 59?
True
Is 2203398 a multiple of 334?
True
Does 356 divide 286936?
True
Does 22 divide 585883?
False
Is 65780 a multiple of 37?
False
Is 1053183 a multiple of 36?
False
Is 98 a factor of 166306?
True
Is 1211 a factor of 6486201?
False
Does 181 divide 4223375?
False
Is 552288 a multiple of 124?
False
Is 12 a factor of 9874999?
False
Is 2199708 a multiple of 84?
True
Is 41 a factor of 9271043?
True
Does 8 divide 447233?
False
Is 1454633 a multiple of 448?
False
Does 10 divide 70135?
False
Is 15182 a multiple of 27?
False
Is 1527060 a multiple of 10?
True
Is 520 a factor of 938080?
True
Is 63988 even?
True
Is 22929463 a multiple of 124?
False
Is 13 a factor of 44047757?
True
Is 6 a factor of 91119?
False
Does 187 divide 747783?
False
Is 170235 a multiple of 15?
True
Is 166600 a multiple of 14?
True
Is 7397 a multiple of 171?
False
Is 44643 a multiple of 69?
True
Does 159 divide 17536?
False
Does 3 divide 3800805?
True
Is 9 a factor of 8244714?
False
Is 23 a factor of 7619428?
False
Does 15 divide 355067?
False
Is 2090 a factor of 25740440?
True
Is 171 a factor of 7200137?
False
Does 526 divide 20955314?
True
Is 628 a factor of 156787?
False
Is 1542268 a multiple of 7?
True
Is 10 a factor of 179550?
True
Is 18 a factor of 14906538?
True
Is 24 a factor of 23256?
True
Is 4 a factor of 14480?
True
Is 197 a factor of 502282?
False
Does 717 divide 16150425?
True
Does 6 divide 19090?
False
Does 31 divide 1184386?
True
Is 1148418 a multiple of 18?
True
Is 17 a factor of 579479?
T